nder when 406 is divided by q?
78
Let b(c) be the second derivative of -c**4/6 + 11*c**3/3 + c**2 - 18*c + 1. Let v = 24 + -17. What is the remainder when b(v) is divided by 21?
16
Suppose v - 544*r + 542*r = 75, 0 = 4*v + 3*r - 113. Let i = 289 + 200. What is the remainder when i is divided by v?
38
Let n(g) = -9*g + 10*g + 10*g**2 + 24*g - 16 + 0 - 3. Calculate the remainder when n(4) is divided by 77.
10
Suppose 52*d + 21453 = 5*s + 50*d, -3*s - 5*d = -12847. Calculate the remainder when s is divided by 130.
129
Let c(a) = -a**3 - 84*a**2 + 77*a - 544. What is the remainder when 10197 is divided by c(-85)?
133
Let y(m) = -31*m - 2. Let t be y(-2). Suppose 0 = 2*h - 3*v - 22, 0 = -5*h - 0*h + 5*v + t. Let z = -188 - -240. What is the remainder when z is divided by h?
10
Let s = 16391 - 16054. What is the remainder when s is divided by 36?
13
Let j(y) = 48*y + 2*y**2 + 66*y - 159*y + 6. What is the remainder when 39 is divided by j(23)?
10
Suppose -17*j = -j - 15488. Calculate the remainder when j is divided by 330.
308
Suppose 4*d = -5*h + 19, -d - 5 + 21 = 5*h. Suppose -12*p + h*p = -225. Calculate the remainder when 72 is divided by p.
22
Suppose -5*r - 97 = -u, 45*u - 42*u - r - 319 = 0. What is the remainder when (-2)/((-4)/(-2566)*-1) is divided by u?
106
Let t(o) = 27*o**2 + 55*o + 753. What is the remainder when t(-18) is divided by 9?
6
Suppose 0 = 4*g + 3*a - 583, -7*g + 13158 = 4*a + 12139. Let x(c) = 6*c**2 + 5*c - 3. Calculate the remainder when g is divided by x(-4).
72
Let z(a) = -802*a + 33733. Let w be (6/4)/(3/6). Suppose w*y - 11 = 40. What is the remainder when z(42) is divided by y?
15
Suppose 30*k - 17*k - 494 = 0. Suppose 2*a - k + 7 = 5*f, -a - 5*f = 22. Calculate the remainder when 6 is divided by a.
0
What is the remainder when (-24)/(-2) - 1 - -311 is divided by 156?
10
Suppose -11 = -g - z, -g + 3*z = 6 - 1. Calculate the remainder when (52/(-44) - -1) + (-88536)/(-1496) is divided by g.
3
Let p = -17482 + 18471. Calculate the remainder when p is divided by 31.
28
Let v = -36029 - -36039. Suppose 0 = -r - 0*r - 5*k + 162, -135 = -r + 4*k. Calculate the remainder when r is divided by v.
7
Suppose 3*i = -3*o + 591, i + 16*o = 13*o + 189. What is the remainder when i is divided by 12?
9
Suppose -4*s = -3*g - 85, -2*g = -6*g - 5*s - 165. Let k = 254 + g. Calculate the remainder when k is divided by 55.
54
Let q(a) = 3*a**3 - 109*a**2 + 519*a + 12. What is the remainder when q(5) is divided by 71?
44
Let l = 327 - 327. Suppose -7*x = 5*c - 8*x - 275, l = -2*c - 4*x + 110. What is the remainder when 328 is divided by c?
53
Let v = 23156 + -9718. Calculate the remainder when v is divided by 48.
46
Calculate the remainder when 300 is divided by 71 - (-2 - (-4 + -7 + 5 + 10)).
69
Suppose -26*c = 3*c + 9*c - 1558. What is the remainder when 697 is divided by c?
0
Let r(g) = g**2 + 4*g - 2. Let k = 21594 - 21582. What is the remainder when r(4) is divided by k?
6
Let d(y) be the first derivative of y**4/4 + 5*y**3/3 - 23*y**2/2 - 98*y + 41. Let k(m) = -13*m. What is the remainder when k(-5) is divided by d(-5)?
14
Let a(y) = y**2 + 21*y - 767. Calculate the remainder when 394 is divided by a(-41).
23
Let j(k) = -k. Let g be (-5)/15*(-39 - 0). Let b be (g - 10) + -1*5. What is the remainder when 9 is divided by j(b)?
1
Let m = 1738 - 1730. What is the remainder when (-15)/((-3)/4 - 0) is divided by m?
4
Suppose 0 = -4849*n + 4817*n + 54368. What is the remainder when n is divided by 563?
10
Suppose 4*y = 3*t - 7 + 5, 4*t = 4*y. Let i be (-2 + 3)*(4 + t)/2. Calculate the remainder when (11 + 73)/(i - -1) is divided by 9.
6
Let w = 58 - 56. Suppose 0 = 62*z - 64*z - w. Let s(o) = -5*o - 1. What is the remainder when s(z) is divided by 2?
0
Let r be (-11106)/10 - 12/(-20). Let b = r + 1137. Calculate the remainder when b is divided by 4 + -1 + 1 + 0.
3
Let i be 1/3 + 116/12. Suppose -5*k - 105 = -i*k. Let h = 1222 - 1013. Calculate the remainder when h is divided by k.
20
Let q(o) = -15*o + 45. Let m be q(11). Calculate the remainder when 90 is divided by -4*5/(m/138).
21
Let h be (-32)/7*252/(-72). Suppose 13*g - h*g + 1251 = 0. What is the remainder when g is divided by 14?
11
Let j be 4/(-10) - (-87)/5. Let h be 9 + (-2793)/315 - 2/((-60)/86). Let z = j - h. Calculate the remainder when 221 is divided by z.
11
Calculate the remainder when 381 is divided by 99/((-8)/((-288)/44) + (-2)/9).
84
Let c be 2 - (-39)/(-18) - 385/(-42). Suppose 0*j + 3*j - c = 0. Suppose 0*y - 149 = -j*x - y, 5*y = 2*x - 105. Calculate the remainder when x is divided by 17.
16
Let m(f) = 6*f - 22. Let s be m(7). Let l = s + 421. Calculate the remainder when l is divided by 13.
12
Let f = 337 - 232. Let g = -15 + f. What is the remainder when 177 is divided by g?
87
Calculate the remainder when 196 is divided by (-1485)/(-10)*14/21.
97
Suppose -12*b + 631 = 55. Calculate the remainder when (26/(-6))/(-5 - 820/(-165)) is divided by b.
47
Suppose x + 4158 - 4784 = 0. Calculate the remainder when x is divided by 57.
56
Let m be 6*-1 - (70 + -79). Let t(z) = 9*z**2 + 7*z - 31. What is the remainder when 276 is divided by t(m)?
63
What is the remainder when (0 + 335)/(12 + (-110)/10) is divided by 43?
34
Suppose 25*f - 2813 = 39512. What is the remainder when f is divided by 17?
10
What is the remainder when 1695 is divided by (-3)/(2 + 33/(-18) - (-27985)/(-162690))?
12
Suppose -111*g = -3949 - 1712. Calculate the remainder when 1526 is divided by g.
47
Let l(t) = 15 - 9 + 1 + 16 + 3*t. Calculate the remainder when l(32) is divided by 11.
9
Let k be 12 + -18 - (-2 + 1 + -1). Let x be k/6*(-75)/(-10). Let p(m) = -13*m + 13. Calculate the remainder when p(x) is divided by 27.
24
Let w = -16791 - -22637. Calculate the remainder when w is divided by 75.
71
Let q(o) be the second derivative of o**5/20 - 13*o**4/12 + 17*o**3/6 - 27*o**2 + 2*o + 2. What is the remainder when 25 is divided by q(12)?
1
Let c(n) = -69*n - 228. Calculate the remainder when c(-6) is divided by 28.
18
Suppose 43*t + 53 = 44*t + 2*n, 5*t - 229 = 2*n. Calculate the remainder when t is divided by 37.
10
Let a(q) = -4*q + 42. Let z be a(25). Let s = z - -61. What is the remainder when 13 is divided by s?
1
Suppose -7*b = -15*b + 168. Suppose -3*l - 3*d = 3 - b, 4 = 2*d. Calculate the remainder when 1*-10*(-70)/l is divided by 22.
21
Let u be (-18)/24 - (7/4)/(-1). Let f(j) = 58*j**3 + j**2. Suppose 11*y = 13*y - 232. Calculate the remainder when y is divided by f(u).
57
Let o = 49 - 48. Suppose -3*v = -o - 20. Let m(n) = -n**2 + 11*n - 6. What is the remainder when 65 is divided by m(v)?
21
Suppose 2*i - 6 = -3*n - 0, -3*i + 9 = n. What is the remainder when 34 is divided by (-144)/40*((-20)/i)/4?
4
Suppose 5*u = i + 526 + 413, -3*i + 943 = 5*u. Calculate the remainder when u is divided by 34.
18
Calculate the remainder when 10943 is divided by 194/2813 - 4748/(-116).
37
Suppose -653*x = -5542 - 727 - 10056. Let q = -26 - -42. Calculate the remainder when x is divided by q.
9
Suppose 4*c - 274 = -0*d - 2*d, -3*c - 3*d + 204 = 0. What is the remainder when c is divided by -5*(-20)/(-750) + -10 + 1354/30?
34
Let p(f) be the second derivative of 18*f**2 - 1/12*f**4 + 17*f - 1/6*f**3 + 0. Calculate the remainder when 10 is divided by p(-6).
4
Suppose -610 = -3*u + h, -4*h - 73 - 337 = -2*u. Let i = 2092 - 2040. Calculate the remainder when u is divided by i.
47
Let c = -112 + 135. Let z = -8 + 90. Calculate the remainder when z is divided by c.
13
Suppose -h + 4 = 0, -6*x + 8*x = 3*h + 84. What is the remainder when x is divided by -4*(75/4)/(-5)?
3
Let s = 610 + -586. Suppose 138 = 3*g - s. What is the remainder when g is divided by 30?
24
Suppose v + 10 = 11. Let z be (-1)/2*v*6 + 3. Suppose 2*j - 44 = -z*j - 4*c, -c - 66 = -3*j. Calculate the remainder when 41 is divided by j.
19
Suppose 3*j - 73 = -22. Let z = 211 - 145. Suppose 2*v - v = -w + z, 4*v = 0. What is the remainder when w is divided by j?
15
Suppose 5*r = 28 - 3. Let t(m) = 20*m**3 - 2*m**2 + 2*m - 1. Suppose -5 = -4*x - x. What is the remainder when t(x) is divided by r?
4
What is the remainder when (104/(-6))/(-11*(-30)/(-192555)) is divided by 9?
7
Suppose 2*x + f - 16 = 4*f, 0 = 5*x + 2*f - 2. Let p be (55/(-25) + 1)/(x